{"id":217,"date":"2019-12-04T20:48:54","date_gmt":"2019-12-04T18:48:54","guid":{"rendered":"http:\/\/jokelanomakotiyhdistys.fi\/?page_id=217"},"modified":"2019-12-04T20:48:54","modified_gmt":"2019-12-04T18:48:54","slug":"hallitus-2019-2020","status":"publish","type":"page","link":"https:\/\/jokelanomakotiyhdistys.fi\/?page_id=217","title":{"rendered":"Hallitus 2019-2020"},"content":{"rendered":"\n<p>Vuoden 2019 syyskokouksen ja j\u00e4rjest\u00e4ytymiskokouksen j\u00e4lkeen hallituksen kokoonpano ja toimihenkil\u00f6t ovat seuraavat:<\/p>\n\n\n\n<figure class=\"wp-block-table\"><table class=\"\"><tbody><tr><td>Puheenjohtaja<\/td><td>Jan Enlund<\/td><td>puheenjohtaja(at)jokelanomakotiyhdistys.fi<\/td><\/tr><tr><td>Varapuheenjohtaja,<br>sihteeri<\/td><td>Raimo Kosonen<\/td><td>sihteeri(at)jokelanomakotiyhdistys<\/td><\/tr><tr><td>Tilinhoitaja, lainaamovastaava<\/td><td>Harri K\u00e4m\u00e4r\u00e4inen<\/td><td>rahastonhoitaja(at)jokelanomakotiyhdistys.fi<\/td><\/tr><tr><td>J\u00e4sen<\/td><td>Tomas Nylund<\/td><td><\/td><\/tr><\/tbody><\/table><\/figure>\n","protected":false},"excerpt":{"rendered":"<p>Puheenjohtaja Jan Enlund puheenjohtaja(at)jokelanomakotiyhdistys.fi Varapuheenjohtaja,sihteeri Raimo Kosonen sihteeri(at)jokelanomakotiyhdistys Tilinhoitaja, lainaamovastaava Harri K\u00e4m\u00e4r\u00e4inen rahastonhoitaja(at)jokelanomakotiyhdistys.fi J\u00e4sen Tomas Nylund<\/p>\n","protected":false},"author":1,"featured_media":0,"parent":0,"menu_order":0,"comment_status":"closed","ping_status":"closed","template":"","meta":{"footnotes":""},"class_list":["post-217","page","type-page","status-publish","hentry"],"_links":{"self":[{"href":"https:\/\/jokelanomakotiyhdistys.fi\/index.php?rest_route=\/wp\/v2\/pages\/217","targetHints":{"allow":["GET"]}}],"collection":[{"href":"https:\/\/jokelanomakotiyhdistys.fi\/index.php?rest_route=\/wp\/v2\/pages"}],"about":[{"href":"https:\/\/jokelanomakotiyhdistys.fi\/index.php?rest_route=\/wp\/v2\/types\/page"}],"author":[{"embeddable":true,"href":"https:\/\/jokelanomakotiyhdistys.fi\/index.php?rest_route=\/wp\/v2\/users\/1"}],"replies":[{"embeddable":true,"href":"https:\/\/jokelanomakotiyhdistys.fi\/index.php?rest_route=%2Fwp%2Fv2%2Fcomments&post=217"}],"version-history":[{"count":1,"href":"https:\/\/jokelanomakotiyhdistys.fi\/index.php?rest_route=\/wp\/v2\/pages\/217\/revisions"}],"predecessor-version":[{"id":219,"href":"https:\/\/jokelanomakotiyhdistys.fi\/index.php?rest_route=\/wp\/v2\/pages\/217\/revisions\/219"}],"wp:attachment":[{"href":"https:\/\/jokelanomakotiyhdistys.fi\/index.php?rest_route=%2Fwp%2Fv2%2Fmedia&parent=217"}],"curies":[{"name":"wp","href":"https:\/\/api.w.org\/{rel}","templated":true}]}}