{"id":61,"date":"2018-03-04T12:07:44","date_gmt":"2018-03-04T10:07:44","guid":{"rendered":"http:\/\/jokelanomakotiyhdistys.fi\/?page_id=61"},"modified":"2021-09-06T16:34:53","modified_gmt":"2021-09-06T13:34:53","slug":"suosittelemme","status":"publish","type":"page","link":"https:\/\/jokelanomakotiyhdistys.fi\/?page_id=61","title":{"rendered":"Suosittelemme"},"content":{"rendered":"<p>Pyrimme mahdollistamaan ja tukemaan paikallisia yrityksi\u00e4 ja n\u00e4iden toimintaa. Olemme t\u00e4lle sivulle ker\u00e4nneet joidenkin paikallisten yritysten tietoja ja p\u00e4ivit\u00e4mme listaa jatkuvasti. Mik\u00e4li haluat yrityksesi esille, l\u00e4het\u00e4 meille tiedot yrityksest\u00e4si osoitteeseen sihteeri(at)jokelanomakotiyhdistys.fi<\/p>\n<hr \/>\n<h3>Ravintolapalveluita<\/h3>\n<p><a href=\"https:\/\/www.hostellipalopuro.fi\/viiden-taehden-lounasmenu\">Ravintola Yhden t\u00e4hden tarina<\/a>, Urakkakuja 1C, Jokela<\/p>\n<h3>Rakennuspalveluita<\/h3>\n<p>Sis\u00e4ilmaongelmien selvitys, <a href=\"http:\/\/www.rakteka.fi\">Rakteka<\/a>, Jokivarrentie 21, Jokela<br \/>\nMaa-aines ja soratoimitukset, <a href=\"http:\/\/www.kuljetushaapasalo.fi\/\">Kuljetus Haapasalo<\/a>, Ridasj\u00e4rventie 132, Jokela<br \/>\nRautakauppa, <a href=\"http:\/\/www.rautajokela.fi\/\">Rauta-Jokela<\/a>, Kolsantie 2, Jokela<br \/>\nKattopalveluita, <a href=\"http:\/\/www.tikaskatto.fi\">Timon Tikas ja katto<\/a>, J\u00e4niksenlinna<\/p>\n<h3>Muita palveluita<\/h3>\n<p>Hitsaus- ja koneistuspalveluita, <a href=\"http:\/\/www.vuorenteko.org\">Vuorenteko Oy<\/a>, Hirvenojantie 74, Jokela<br \/>\nSairaanhoitoa rakkaudella, <a href=\"http:\/\/www.sairak.com\">Sairak Oy,<\/a> Hyvink\u00e4\u00e4<\/p>\n","protected":false},"excerpt":{"rendered":"<p>Pyrimme mahdollistamaan ja tukemaan paikallisia yrityksi\u00e4 ja n\u00e4iden toimintaa. Olemme t\u00e4lle sivulle ker\u00e4nneet joidenkin paikallisten yritysten tietoja ja p\u00e4ivit\u00e4mme listaa&hellip;<\/p>\n","protected":false},"author":1,"featured_media":0,"parent":0,"menu_order":0,"comment_status":"closed","ping_status":"closed","template":"","meta":{"footnotes":""},"class_list":["post-61","page","type-page","status-publish","hentry"],"_links":{"self":[{"href":"https:\/\/jokelanomakotiyhdistys.fi\/index.php?rest_route=\/wp\/v2\/pages\/61","targetHints":{"allow":["GET"]}}],"collection":[{"href":"https:\/\/jokelanomakotiyhdistys.fi\/index.php?rest_route=\/wp\/v2\/pages"}],"about":[{"href":"https:\/\/jokelanomakotiyhdistys.fi\/index.php?rest_route=\/wp\/v2\/types\/page"}],"author":[{"embeddable":true,"href":"https:\/\/jokelanomakotiyhdistys.fi\/index.php?rest_route=\/wp\/v2\/users\/1"}],"replies":[{"embeddable":true,"href":"https:\/\/jokelanomakotiyhdistys.fi\/index.php?rest_route=%2Fwp%2Fv2%2Fcomments&post=61"}],"version-history":[{"count":3,"href":"https:\/\/jokelanomakotiyhdistys.fi\/index.php?rest_route=\/wp\/v2\/pages\/61\/revisions"}],"predecessor-version":[{"id":300,"href":"https:\/\/jokelanomakotiyhdistys.fi\/index.php?rest_route=\/wp\/v2\/pages\/61\/revisions\/300"}],"wp:attachment":[{"href":"https:\/\/jokelanomakotiyhdistys.fi\/index.php?rest_route=%2Fwp%2Fv2%2Fmedia&parent=61"}],"curies":[{"name":"wp","href":"https:\/\/api.w.org\/{rel}","templated":true}]}}