{"id":7,"date":"2018-02-25T11:00:13","date_gmt":"2018-02-25T09:00:13","guid":{"rendered":"http:\/\/jokelanomakotiyhdistys.fi\/?page_id=7"},"modified":"2018-02-25T11:00:13","modified_gmt":"2018-02-25T09:00:13","slug":"jokelan-omakotiyhdistys-ry","status":"publish","type":"page","link":"https:\/\/jokelanomakotiyhdistys.fi\/?page_id=7","title":{"rendered":"Jokelan omakotiyhdistys ry"},"content":{"rendered":"<p>Jokelan omakotiyhdistys ry on vuonna 1997 perustettu Jokelan ja sen l\u00e4hiymp\u00e4rist\u00f6ss\u00e4 toimiva omakotiasukkaiden etua ajava j\u00e4rjest\u00f6. Jokelan omakotiyhdistys (JOY) painottaa toiminnassaaan koko Jokelan alueen kehitt\u00e4mist\u00e4, yhteis\u00f6llisyytt\u00e4 ja yhteenkuuluvuutta. Yhdistykseen kuuluu noin 200 j\u00e4sent\u00e4. K\u00e4yt\u00e4nn\u00f6n t\u00f6st\u00e4 vastaa hallitus, joka valitaan vuosittain syyskokouksessa. Toimiakseen j\u00e4sentens\u00e4 odotusten mukaisesti, uudet ideat ja toimintamallit ovat aina tervetulleita &#8211; liity siis j\u00e4seneksi ja vaikuta toimintaan!<\/p>\n<p>Jokelan omakotiyhdistys kuuluu valtakunnalliseen Suomen Omakotiliittoon (<a href=\"http:\/\/www.omakotiliitto.fi\">www.omakotiliitto.fi<\/a>) ja sen Uudenmaan yhdistyspiiriin (<a href=\"http:\/\/www.omakotiliitto.fi\/uusimaa\">www.omakotiliitto.fi\/uusimaa<\/a>). Suomen Omakotiliitto on sitoutumaton alansa johtava vaikuttava, joka toimii pientaloasumise ja -rakentamisen edist\u00e4j\u00e4n sek\u00e4 edunvalvojana edist\u00e4en pientalovaltaista el\u00e4m\u00e4nmuoto Suomessa.<\/p>\n<p>&nbsp;<\/p>\n","protected":false},"excerpt":{"rendered":"<p>Jokelan omakotiyhdistys ry on vuonna 1997 perustettu Jokelan ja sen l\u00e4hiymp\u00e4rist\u00f6ss\u00e4 toimiva omakotiasukkaiden etua ajava j\u00e4rjest\u00f6. Jokelan omakotiyhdistys (JOY) painottaa&hellip;<\/p>\n","protected":false},"author":1,"featured_media":0,"parent":0,"menu_order":0,"comment_status":"closed","ping_status":"closed","template":"","meta":{"footnotes":""},"class_list":["post-7","page","type-page","status-publish","hentry"],"_links":{"self":[{"href":"https:\/\/jokelanomakotiyhdistys.fi\/index.php?rest_route=\/wp\/v2\/pages\/7","targetHints":{"allow":["GET"]}}],"collection":[{"href":"https:\/\/jokelanomakotiyhdistys.fi\/index.php?rest_route=\/wp\/v2\/pages"}],"about":[{"href":"https:\/\/jokelanomakotiyhdistys.fi\/index.php?rest_route=\/wp\/v2\/types\/page"}],"author":[{"embeddable":true,"href":"https:\/\/jokelanomakotiyhdistys.fi\/index.php?rest_route=\/wp\/v2\/users\/1"}],"replies":[{"embeddable":true,"href":"https:\/\/jokelanomakotiyhdistys.fi\/index.php?rest_route=%2Fwp%2Fv2%2Fcomments&post=7"}],"version-history":[{"count":1,"href":"https:\/\/jokelanomakotiyhdistys.fi\/index.php?rest_route=\/wp\/v2\/pages\/7\/revisions"}],"predecessor-version":[{"id":8,"href":"https:\/\/jokelanomakotiyhdistys.fi\/index.php?rest_route=\/wp\/v2\/pages\/7\/revisions\/8"}],"wp:attachment":[{"href":"https:\/\/jokelanomakotiyhdistys.fi\/index.php?rest_route=%2Fwp%2Fv2%2Fmedia&parent=7"}],"curies":[{"name":"wp","href":"https:\/\/api.w.org\/{rel}","templated":true}]}}